{"id":73,"date":"2025-12-13T09:20:32","date_gmt":"2025-12-13T09:20:32","guid":{"rendered":"https:\/\/centers.ulbsibiu.ro\/ccmd\/?page_id=73"},"modified":"2025-12-13T09:47:32","modified_gmt":"2025-12-13T09:47:32","slug":"despre-noi","status":"publish","type":"page","link":"https:\/\/centers.ulbsibiu.ro\/ccmd\/despre-noi\/","title":{"rendered":"Despre noi"},"content":{"rendered":"\n<p> <\/p>\n\n\n\n<p><strong>Centrul de Cercetare \u00een Medicina Dentar\u0103<\/strong><\/p>\n\n\n\n<p>Rolul Strategic \u0219i Misiunea Organiza\u021biei<\/p>\n\n\n\n<p>Misiunea Centrului de Cercetare in Medicin\u0103 Dentar\u0103 este urm\u0103toarea:<br>a) \u00een domeniul cercet\u0103rii fundamentale:<br>-de a descoperi, inova \u0219i rezolva probleme specifice \u0219tiin\u021belor medicale dentare, studiilor inter- c\u00e2t \u015fi intradisciplinare prin metode \u0219i tehnici din aria de interes a \u0219tiin\u021belor medicale, demersuri ce conduc, la \u00een\u021belegerea complex\u0103 \u0219i complet\u0103 a principiilor care stau la baza formarii si dezvolt\u0103rii medicinei dentare .<br>Misiunea Centrului de Cercetare in Medicina Dentara, asumat\u0103 \u00een domeniul cercet\u0103rii fundamentale, se concretizeaz\u0103 prin explorarea \u0219tiin\u021bific\u0103 a unor domenii largi de interes, in sfera medicinei dentare, na\u0163ionale c\u00e2t \u015fi interna\u0163ionale, insuficient \u0219i\/sau par\u021bial investigate, cu scopul de a conduce la noi descoperiri, modific\u0103ri sau reconsider\u0103ri ale teoriilor \u0219i paradigmelor curente din aria de interes a stiintelor medicale.<br>b) \u00een domeniul cercet\u0103rii aplicative:<br>-Asigurarea preg\u0103tirii viitorilor cercet\u0103tori \u00een cercetarea de baz\u0103, clinic\u0103 \u015fi popula\u0163ional\u0103;<\/p>\n\n\n\n<ul>\n<li>Cre\u015fterea inova\u0163iei prin dezvoltarea de noi tehnologii aplicabile sistemului de s\u0103n\u0103tate;<br>-Accelerarea procesului de cunoa\u015ftere pentru a favoriza promovarea s\u0103n\u0103ta\u0163ii, \u00eembun\u0103t\u0103\u0163irea \u00eengrijirii \u015fi a calit\u0103\u0163ii vie\u0163ii.<\/li>\n<\/ul>\n\n\n\n<p>Misiunea principal\u0103 a Centrului de Cercetare in Medicina Dentar\u0103 este de a efectua cercet\u0103ri biomedicale si clinice de baz\u0103 de \u00eenalt\u0103 calitate, care vizeaz\u0103 generarea de cuno\u015ftin\u0163e \u015fi informa\u0163ii necesare pentru \u00een\u0163elegerea mecanismelor proceselor tehnologice \u015fi clinice ale afec\u0163iunilor din sfera medicinei dentare , precum \u015fi dezvoltarea de noi tehnologii ce stau la baza tratamentelor afec\u0163iunilor stomatologice. Centrul ofer\u0103 educa\u0163ie \u015fi formare speciali\u015ftilor din domeniul medicinei dentare, din clinici stomatologice de stat sau private precum \u015fi studen\u0163ilor \u015fi reziden\u0163ilor din acest domeniu .<\/p>\n\n\n\n<p>Poten\u021bialul de cercetare-inovare exploatabil<\/p>\n\n\n\n<p>Poten\u021bialul de inovare al CCMD este evaluat prin prisma impactului economic, social \u0219i \u0219tiin\u021bific, demonstr\u00e2nd un caracter \u00eenalt exploatabil \u0219i sustenabil.<\/p>\n\n\n\n<ol>\n<li>Atragerea de talente<br>\u2022 Crearea unui mediu academic \u0219i de cercetare dinamic, capabil s\u0103 concureze cu institu\u021biile de top din str\u0103in\u0103tate.<br>\u2022 Utilizarea re\u021belelor de colaborare pentru a atrage exper\u021bi renumi\u021bi (profesori invita\u021bi, cercet\u0103tori seniori).<\/li>\n\n\n\n<li>Crearea de colabor\u0103ri interna\u021bionale \u0219i interdisciplinare<br>\u2022 Maximizarea eficien\u021bei prin parteneriate care aduc expertiz\u0103 complementar\u0103 \u0219i acces la infrastructur\u0103 unic\u0103.<br>\u2022 Parteneriate industriale (tehnologice): colabor\u0103ri cu produc\u0103tori de dispozitive medicale sau materiale dentare pentru a testa \u0219i valida produsele \u00een faza timpurie (servicii de cercetare contractual\u0103).<br>\u2022 Participarea activ\u0103 \u00een consor\u021bii, pozi\u021bion\u00e2nd centrul ca partener esen\u021bial \u00een proiecte de cercetare \u0219i facilit\u00e2nd schimbul de personal \u0219i know-how.<br>\u2022 Colaborarea cu departamente de Genetic\u0103, Inginerie Mecanic\u0103 (pentru CAD\/CAM) \u0219i Inteligen\u021b\u0103 Artificial\u0103 pentru a dezvolta solu\u021bii de diagnostic predictiv \u0219i prototipare rapid\u0103.<\/li>\n\n\n\n<li>Contribu\u021bia la \u00eembun\u0103t\u0103\u021birea legisla\u021biei sau a standardelor<br>\u2022 De a furniza dovezi \u0219tiin\u021bifice solide (Evidence-Based Research) care s\u0103 informeze deciziile normative. Prin studii clinice riguroase, centrul poate propune noi protocoale de tratament sau standarde de siguran\u021b\u0103 pentru utilizarea noilor biomateriale, care s\u0103 fie preluate de asocia\u021biile profesionale sau autorit\u0103\u021bile na\u021bionale\/europene. Datele epidemiologice (ex: prevalen\u021ba cariei la copii) pot sta la baza elabor\u0103rii de programe na\u021bionale de preven\u021bie \u0219i ghiduri clinice actualizate.<\/li>\n\n\n\n<li>Contribu\u021bie la cre\u0219terea calit\u0103\u021bii vie\u021bii<br>\u2022 Reducerea morbidit\u0103\u021bii, durerii cronice \u0219i a impactului psihosocial al afec\u021biunilor orale.<br>\u2022 Dezvoltarea \u0219i validarea clinic\u0103 a metodelor regenerative (inginerie tisular\u0103) care elimin\u0103 sau reduc necesitatea extrac\u021biilor sau a interven\u021biilor chirurgicale majore.<br>\u2022 Cercetarea \u00een farmacogenomic\u0103 oral\u0103 pentru a dezvolta tratamente personalizate care maximizeaz\u0103 eficacitatea \u0219i reduc efectele secundare (ex: r\u0103spunsul individual la anestezice sau antibiotice).<\/li>\n\n\n\n<li>Acoperirea unei ni\u0219e nevalorificate de cunoa\u0219tere \/ competen\u021be<br>\u2022 Medicina dentar\u0103 se afl\u0103 la intersec\u021bia dintre \u0219tiin\u021bele materialelor \u0219i biologia celular\u0103. Investigarea detaliat\u0103 a interac\u021biunilor complexe dintre biofilm \u0219i gazd\u0103, oferind date valoroase pentru dezvoltarea de alternative non-antibiotice.<\/li>\n<\/ol>\n","protected":false},"excerpt":{"rendered":"<p>Centrul de Cercetare \u00een Medicina Dentar\u0103 Rolul Strategic \u0219i Misiunea Organiza\u021biei Misiunea Centrului de Cercetare in Medicin\u0103 Dentar\u0103 este urm\u0103toarea:a) \u00een domeniul cercet\u0103rii fundamentale:-de a descoperi, inova \u0219i rezolva probleme specifice \u0219tiin\u021belor medicale dentare, studiilor inter- c\u00e2t \u015fi intradisciplinare prin metode \u0219i tehnici din aria de interes a \u0219tiin\u021belor medicale, demersuri ce conduc, la \u00een\u021belegerea [&hellip;]<\/p>\n","protected":false},"author":1,"featured_media":0,"parent":0,"menu_order":0,"comment_status":"closed","ping_status":"closed","template":"","meta":{"footnotes":""},"_links":{"self":[{"href":"https:\/\/centers.ulbsibiu.ro\/ccmd\/wp-json\/wp\/v2\/pages\/73"}],"collection":[{"href":"https:\/\/centers.ulbsibiu.ro\/ccmd\/wp-json\/wp\/v2\/pages"}],"about":[{"href":"https:\/\/centers.ulbsibiu.ro\/ccmd\/wp-json\/wp\/v2\/types\/page"}],"author":[{"embeddable":true,"href":"https:\/\/centers.ulbsibiu.ro\/ccmd\/wp-json\/wp\/v2\/users\/1"}],"replies":[{"embeddable":true,"href":"https:\/\/centers.ulbsibiu.ro\/ccmd\/wp-json\/wp\/v2\/comments?post=73"}],"version-history":[{"count":5,"href":"https:\/\/centers.ulbsibiu.ro\/ccmd\/wp-json\/wp\/v2\/pages\/73\/revisions"}],"predecessor-version":[{"id":81,"href":"https:\/\/centers.ulbsibiu.ro\/ccmd\/wp-json\/wp\/v2\/pages\/73\/revisions\/81"}],"wp:attachment":[{"href":"https:\/\/centers.ulbsibiu.ro\/ccmd\/wp-json\/wp\/v2\/media?parent=73"}],"curies":[{"name":"wp","href":"https:\/\/api.w.org\/{rel}","templated":true}]}}