{"id":40,"date":"2024-06-30T06:33:30","date_gmt":"2024-06-30T06:33:30","guid":{"rendered":"https:\/\/centers.ulbsibiu.ro\/ccmd\/?page_id=40"},"modified":"2024-06-30T06:33:30","modified_gmt":"2024-06-30T06:33:30","slug":"domenii-de-cercetare","status":"publish","type":"page","link":"https:\/\/centers.ulbsibiu.ro\/ccmd\/domenii-de-cercetare\/","title":{"rendered":"Domenii de cercetare"},"content":{"rendered":"\n<h2 class=\"wp-block-heading\">Cercetare fundamental\u0103:<\/h2>\n\n\n\n<ul>\n<li>Descoperirea, inovarea \u0219i rezolvarea problemelor specifice \u0219tiin\u021belor medicale dentare, studiilor inter- c\u00e2t \u015fi intradisciplinare prin metode \u0219i tehnici din aria de interes a \u0219tiin\u021belor medicale. <\/li>\n\n\n\n<li>Explorarea \u0219tiin\u021bific\u0103 a unor domenii largi de interes, in sfera medicinei dentare, na\u0163ionale c\u00e2t \u015fi interna\u0163ionale, insuficient \u0219i\/sau par\u021bial investigate, cu scopul de a conduce la noi descoperiri, modific\u0103ri sau reconsider\u0103ri ale teoriilor \u0219i paradigmelor curente din aria de interes a stiintelor medicale.<\/li>\n<\/ul>\n\n\n\n<h2 class=\"wp-block-heading\">Domeniul cercet\u0103rii aplicative:<\/h2>\n\n\n\n<ul>\n<li>Cre\u015fterea inova\u0163iei prin dezvoltarea de noi tehnologii aplicabile sistemului de s\u0103n\u0103tate;<\/li>\n\n\n\n<li>Asigurarea preg\u0103tirii viitorilor cercet\u0103tori \u00een cercetarea de baz\u0103, clinic\u0103 \u015fi popula\u0163ional\u0103;<\/li>\n\n\n\n<li>Accelerarea procesului de cunoa\u015ftere pentru a favoriza promovarea s\u0103n\u0103t\u0103\u021bii, \u00eembun\u0103t\u0103\u0163irea \u00eengrijirii \u015fi a calit\u0103\u0163ii vie\u0163ii<\/li>\n<\/ul>\n","protected":false},"excerpt":{"rendered":"<p>Cercetare fundamental\u0103: Domeniul cercet\u0103rii aplicative:<\/p>\n","protected":false},"author":1,"featured_media":0,"parent":0,"menu_order":0,"comment_status":"closed","ping_status":"closed","template":"","meta":{"footnotes":""},"_links":{"self":[{"href":"https:\/\/centers.ulbsibiu.ro\/ccmd\/wp-json\/wp\/v2\/pages\/40"}],"collection":[{"href":"https:\/\/centers.ulbsibiu.ro\/ccmd\/wp-json\/wp\/v2\/pages"}],"about":[{"href":"https:\/\/centers.ulbsibiu.ro\/ccmd\/wp-json\/wp\/v2\/types\/page"}],"author":[{"embeddable":true,"href":"https:\/\/centers.ulbsibiu.ro\/ccmd\/wp-json\/wp\/v2\/users\/1"}],"replies":[{"embeddable":true,"href":"https:\/\/centers.ulbsibiu.ro\/ccmd\/wp-json\/wp\/v2\/comments?post=40"}],"version-history":[{"count":1,"href":"https:\/\/centers.ulbsibiu.ro\/ccmd\/wp-json\/wp\/v2\/pages\/40\/revisions"}],"predecessor-version":[{"id":41,"href":"https:\/\/centers.ulbsibiu.ro\/ccmd\/wp-json\/wp\/v2\/pages\/40\/revisions\/41"}],"wp:attachment":[{"href":"https:\/\/centers.ulbsibiu.ro\/ccmd\/wp-json\/wp\/v2\/media?parent=40"}],"curies":[{"name":"wp","href":"https:\/\/api.w.org\/{rel}","templated":true}]}}